te the greatest common divisor of l and 62.
62
Let c(d) = 2*d**2 - 4*d - 3. Let o be c(-4). What is the greatest common divisor of 18 and o?
9
Suppose 3*f + 11 = -16. Let w(h) = h**2 + 9*h + 1. Let d be w(f). Let t(l) = 22*l. Let y be t(d). What is the greatest common divisor of 33 and y?
11
Let j = 13 - 10. Let r(m) = 9*m. Let g be r(j). Calculate the highest common factor of g and 9.
9
Let o(j) = j - 1. Let p be o(4). Let k = 9 - 5. Suppose f = k*f - 6. Calculate the highest common divisor of p and f.
1
Let u(l) = -l**3 + 5*l**2 + 8*l - 5. Let b be u(6). Let d = -2 - -5. Suppose 24 + 60 = d*w. What is the greatest common divisor of w and b?
7
Let b = 23 + -6. Suppose 755 = 5*u - 0*u. Suppose b + u = 2*x. Calculate the greatest common divisor of 12 and x.
12
Suppose 2*x - 3*h - 21 = -2*h, -2*x + 3*h + 15 = 0. Let a = 25 - x. Calculate the greatest common factor of a and 26.
13
Suppose -5*a = -4*h + 38, 0*a + a = 2. What is the highest common factor of h and 96?
12
Let z(p) = p. Let w be z(4). Suppose 3*y - w*y = -9. Calculate the greatest common factor of 6 and y.
3
Let l be (1/3)/((-4)/(-156)). Let k = l - -54. Suppose -k = -y - 5*w, -5*y - w - w = -358. Calculate the greatest common factor of 9 and y.
9
Let q be -10*(7 - 2)*-1. Suppose 8*w - 12 = 3*w - 2*b, -12 = -2*w + b. Suppose w*x - 17 = 23. What is the greatest common divisor of x and q?
10
Let x = 56 - 49. What is the greatest common divisor of 14 and x?
7
Suppose 2*n - 10 = 0, 0 = q - 0*q + n - 32. Let f = -16 + q. What is the greatest common divisor of f and 22?
11
Let v be (16/(-12))/((-3)/36). Calculate the greatest common factor of 96 and v.
16
Let t = 49 - 29. What is the greatest common divisor of t and 30?
10
Let d(q) = -6*q**3 + q**2 + q. Let x be d(-1). Let g = x - -9. What is the highest common divisor of g and 6?
3
Suppose -5*c - 3 = -28. Suppose q = c*q - 28. What is the highest common divisor of 35 and q?
7
Let t be 0*(0 - (-2)/4). Let m = 28 - 26. Suppose t = m*x + 3*x - 140. What is the highest common factor of x and 4?
4
Suppose 3*w = 26 + 46. What is the greatest common factor of 40 and w?
8
Suppose -67 = -3*u + 4*b, -72 = -4*u + 5*b - 4*b. Calculate the greatest common divisor of 34 and u.
17
Let o = 5 - 4. Suppose 0 = 5*i + 3*q + 30, 3*i + 17 = -4*q - o. Let w be 3/i*0 + 3. What is the greatest common divisor of w and 9?
3
Let k = -3 + 6. Suppose k*a + 124 - 1 = 0. Let f = a + 65. Calculate the greatest common factor of 8 and f.
8
Suppose -4*h + 495 + 369 = 0. Suppose -2*z - h = -6*z. What is the highest common divisor of z and 18?
18
Let n = -19 + 30. Calculate the greatest common divisor of n and 1.
1
Suppose -3*g + 0*x - 15 = -3*x, 4*g = 3*x - 15. Let a be 0/(g/(-2) - -2). Suppose 2*s = -a*s + 30. Calculate the highest common divisor of s and 105.
15
Let o(t) = -6*t - 2. Let n(g) = -g**3 - 8*g**2 - g - 4. Let y be n(-8). Let z be ((-6)/y)/(3/4). Let w be o(z). Calculate the highest common divisor of w and 2.
2
Suppose 1 + 0 = w + 3*p, -36 = -4*w + 4*p. Let q(b) = -b**2 + 15*b + 23. Let v be q(16). What is the highest common factor of w and v?
7
Suppose -8*f + 94 - 30 = 0. Calculate the highest common factor of 52 and f.
4
Let q = -58 + 63. Suppose 3*v = -2*v + 100. What is the highest common divisor of q and v?
5
Suppose -3*j + 8 = -2*o, -2*o - o - 4*j - 12 = 0. Let v = 0 - o. Suppose -l + 2 = -v. What is the highest common divisor of 9 and l?
3
Suppose 2*r = 128 + 168. Suppose 0 = 4*a - 92 - r. Calculate the greatest common divisor of a and 24.
12
Let m(r) = r**3 + 7*r**2 - 7*r + 7. Let i be m(-8). Let l be (27/15 + i)*15. What is the highest common divisor of l and 48?
12
Let r be (-1)/2 - 5/(-2). Suppose r*a - 14 = -3*p, -a = p + 2*p - 10. Suppose 2*g = 7*g - 40. Calculate the greatest common divisor of g and p.
2
Let m be (-8)/(-6)*3/2. Suppose m*b - 42 + 6 = 0. Let x(f) = f**3 + 5*f**2 - 4*f - 2. Let u be x(-5). What is the highest common divisor of b and u?
18
Let r(o) = 18*o**2 - 8*o. Let b be r(-2). Let a be ((-3)/(-2))/(3/16). What is the highest common divisor of b and a?
8
Suppose 8 + 28 = 3*r. Let w = 28 - r. Calculate the greatest common divisor of 16 and w.
16
Suppose -2*v + v = -2*c + 20, -5*c - v = -43. Suppose -200 = 4*h - c*h. What is the highest common divisor of 10 and h?
10
Let z = -6 - -9. Suppose 8*u = z*u + 675. What is the greatest common factor of u and 15?
15
Let y = 39 + -24. Calculate the highest common factor of y and 3.
3
Let g(x) = -2*x - 1. Let p be g(-5). Calculate the highest common divisor of 27 and p.
9
Let y = 47 - 27. Suppose 2*z - y + 2 = 0. What is the greatest common factor of 9 and z?
9
Suppose 4*h + 19 = 51. Calculate the highest common divisor of 88 and h.
8
Let v(u) = -u**2 - 3*u + 1. Let b be v(-2). Suppose -3*r - 2*n = -3, b*r - n = -5*n + 3. Calculate the highest common factor of 4 and r.
1
Let m be (-1820)/(-154) + (-2)/(-11). Calculate the highest common factor of m and 8.
4
Let v = -38 + 51. What is the highest common factor of v and 143?
13
Let k(i) = i**2 + 7*i - 12. Let q be k(-10). Let h = q - 17. Calculate the highest common factor of h and 7.
1
Suppose 0 = y - 2*g - 17, 2*y - 47 = -2*y + g. What is the highest common factor of y and 11?
11
Let r(v) = v**2 + 6*v - 10. Let i be r(-8). Let q(n) = 2*n**2 + 3*n - 2. Let a be q(2). Calculate the greatest common factor of i and a.
6
Suppose 4*h - 5*h = -26. Let t = h - 5. Let g = 109 - t. Calculate the highest common divisor of g and 8.
8
Let y be -2 + 1 + -1 + 4. What is the greatest common factor of y and 8?
2
Let f(k) = -k**3 - 13*k**2 - 10*k - 31. Let d be f(-13). What is the highest common divisor of d and 9?
9
Suppose 0 = 4*y - 107 - 1. Let q be ((-1)/(-2))/(1/(-26)). Let g = y - q. Calculate the highest common divisor of 8 and g.
8
Let f = -762 - -1088. Let z = -11 + 16. Suppose -z*n + u = -f, -6*n + 262 = -2*n - 2*u. Calculate the greatest common factor of 13 and n.
13
Suppose 10*c + 60 = 12*c. Calculate the greatest common divisor of 60 and c.
30
Suppose -5*h = -4*h - 126. Let v = h + -87. What is the greatest common factor of 13 and v?
13
Suppose -4*v + 100 = 20. What is the greatest common factor of 50 and v?
10
Suppose 8 + 40 = q + 5*s, 5*q - 135 = -4*s. Let u = q + 12. What is the highest common divisor of u and 14?
7
Let h(j) = -j**2 - 2*j - 85. Let t(l) = 3*l**2 + 6*l + 256. Let b(a) = 8*h(a) + 3*t(a). Let g be b(0). What is the greatest common divisor of g and 11?
11
Let g be (-5)/(75/(-72))*5. What is the greatest common divisor of g and 4?
4
Let s be 204/9 - (-5)/15. What is the highest common factor of s and 69?
23
Let c(q) = 2*q. Let b be c(1). Suppose 0*v = v + b. Let k = v + 17. What is the highest common divisor of k and 15?
15
Let p = 1245 + -2183. Let u = -656 - p. Let y be 4/(-18) + u/54. Calculate the highest common divisor of y and 25.
5
Let c be (10/4)/(-5)*-4. What is the greatest common factor of c and 8?
2
Suppose 7*o - 139 = -13. What is the highest common factor of 2 and o?
2
Suppose -2*h = 8, 0*w + 5*h = w - 25. Calculate the highest common factor of 5 and w.
5
Let q = -6 + 19. What is the greatest common divisor of q and 13?
13
Let u = 393 + -249. What is the greatest common factor of u and 16?
16
Let o = 149 + 266. Let y = o + -296. Calculate the greatest common divisor of y and 17.
17
Let n(i) = -i**2 + 4*i + 2. Let c be n(4). Suppose -4*m + z = c*z - 65, -3 = -3*z. What is the highest common factor of m and 16?
16
Let r(d) = d**3 + 4*d**2 + 3*d - 1. Let t be r(-3). Let h be (-1 - 56/t)/1. Let w be 2/9 - (-56)/18*7. Calculate the highest common factor of w and h.
11
Suppose -5*a + 10 = 0, -f + a - 2 + 6 = 0. What is the greatest common factor of f and 3?
3
Let d(t) = -18*t + 52. Let v be d(-13). What is the greatest common factor of 26 and v?
26
Let c be 9/(108/1113) - (-6)/(-8). What is the greatest common factor of 4 and c?
4
Suppose 5*q = 2*v + 5, -2*q = -6 - 0. Calculate the greatest common factor of v and 5.
5
Let r(m) = -m**2 + 6*m + 7. Let w be r(6). Let v = 6 + -2. Suppose -v*f = 20, -2*f = -4*d + 2*f + 48. What is the highest common divisor of d and w?
7
Let q(x) = -x**3 - 2*x**2 + 3*x + 4. Let b be q(-4). What is the highest common divisor of 216 and b?
24
Let k = 3 - -1. Suppose -k*q = 3*h - 35, -6*q + h = -q